{"id":87,"date":"2013-10-30T11:54:01","date_gmt":"2013-10-30T11:54:01","guid":{"rendered":"https:\/\/sinsep.com.br\/?page_id=87"},"modified":"2013-10-30T11:54:01","modified_gmt":"2013-10-30T11:54:01","slug":"nossa-historia","status":"publish","type":"page","link":"https:\/\/sinsep.com.br\/?page_id=87","title":{"rendered":"Nossa Hist\u00f3ria"},"content":{"rendered":"<p style=\"text-align: justify;\">Aos 04 dias do m\u00eas de Outubro de 1985 \u00e0s 17:30 horas, conforme livro Ata da 1\u00ba Reuni\u00e3o da Diretoria. Reuniram-se um grupo de funcion\u00e1rios com o objetivo de criar a Associa\u00e7\u00e3o dos Servidores Municipais de Mogi Mirim (ASSOSSEM).<br \/>\nA servidora Vilma da Silva Costa Lima sugeriu que o grupo se organizasse ali mesmo e atrav\u00e9s de um documento, fosse comunicado ao Sr. Prefeito Luiz de Amoedo Campos Neto a funda\u00e7\u00e3o da Entidade. A servidora Lucia Helena Salvato sugeriu ent\u00e3o que se denominasse a 1\u00ba Diretoria Provis\u00f3ria da Associa\u00e7\u00e3o dos Servidores Municipais de Mogi Mirim, com o objetivo de organizar, registrar e documentar a Associa\u00e7\u00e3o, bem como elaborar seus Estatutos e ap\u00f3s publicados, convocar a Assembl\u00e9ia Geral para elei\u00e7\u00e3o da Diretoria. A proposta foi aceita por todos.<br \/>\nO Prefeito aprovou\u00a0 e achou a id\u00e9ia \u00f3tima e\u00a0 naquele momento hist\u00f3rico, ficou assim constitu\u00edda a 1\u00ba Diretoria Provis\u00f3ria da Associa\u00e7\u00e3o dos Servidores Municipais de Mogi Mirim (ASSOSSEM), com os seguintes cargos:<\/p>\n<ul style=\"text-align: justify;\">\n<li>Presidente \u2013 L\u00facia Helena Salvato,<\/li>\n<li>Vice \u2013 Vilma da Silva Costa Lima,<\/li>\n<li>1\u00ba Secretaria \u2013 Iracema de Jesus Guidini,<\/li>\n<li>1\u00ba Secretario \u2013 Fernando C\u00e9sar Gasparini,<\/li>\n<li>2\u00ba Secretaria \u2013 Glorete Alves da Silva,<\/li>\n<li>1\u00ba Tesoureiro \u2013 Marco Antonio Peres do Amaral,<\/li>\n<li>2\u00ba Tesoureiro \u2013 Luiz Francisco Brand\u00e3o Bueno;<\/li>\n<li>Conselho Fiscal: Jos\u00e9 Antonio Bazan, Maria Rita Pereira da Cruz e Valter Jos\u00e9 Polettini;<\/li>\n<li>Suplentes: Antonio Alcides Filomeno, \u00c2ngelo Barbarini e On\u00e1lia Maria dos Reis Tinini.<\/li>\n<\/ul>\n<p style=\"text-align: justify;\">Em primeiro instante os membros da Associa\u00e7\u00e3o conseguiram uma sala na Rua Paissandu n. 418 Centro para instala\u00e7\u00e3o provis\u00f3ria da Associa\u00e7\u00e3o. Com o tempo e falta de espa\u00e7o a Associa\u00e7\u00e3o mudou- se para Rua 13 de Maio n. 59 Fundos Centro.<br \/>\nA Diretoria tinha como objetivo, requerer o bem estar dos servidores e reivindicar melhorias para os mesmos. Come\u00e7ou ent\u00e3o os conv\u00eanios com Supermercados e Farm\u00e1cias, al\u00e9m de oferecer aos seus associados, aux\u00edlio M\u00e9dico, odontol\u00f3gico e outros, firmando contratos com profissionais dessas \u00e1reas.<br \/>\nA Associa\u00e7\u00e3o criada agregava em seu quadro associativo os servidores da Prefeitura Municipal de Mogi Mirim, da C\u00e2mara Municipal e da Autarquia SAAE \u2013 Servi\u00e7o de \u00c1gua e Esgoto.<br \/>\nConduzidos por grupamentos ideol\u00f3gicos muito bem definidos, traziam os abnegados servidores, projetos claros no sentido de promover a transforma\u00e7\u00e3o da Associa\u00e7\u00e3o em Entidade Sindical, isso ocorreu em 25 de Novembro de 1.992, ficando assim os seguintes membros da 1\u00aa Diretoria como Sindicato: Presidente \u2013 Ant\u00f4nio Maciel de Oliveira,<\/p>\n<ul style=\"text-align: justify;\">\n<li>1\u00ba Tesoureiro &#8211; Jos\u00e9 Ant\u00f4nio de Moraes,<\/li>\n<li>2\u00ba Tesoureiro &#8211;\u00a0 Rodnei Jos\u00e9 Gon\u00e7alves Miachon,<\/li>\n<li>1\u00aa Secretaria\u00a0 &#8211; F\u00e1tima Aparecida G. Rotolli,<\/li>\n<li>2\u00ba Secretario &#8211;\u00a0 Jos\u00e9 Carlos Garcia e Secretaria Geral &#8211;\u00a0 L\u00facia Helena Salvato ,<\/li>\n<li>Membros do Conselho Administrativo: Francisco Ant\u00f4nio Coser, Raquel C. Rodrigues, Arlete Bentamaro, M\u00e1rcia Regina Bueno, Carlos Alberto Wasick, Isabel C. da Costa, Gilma Machado da Silva e Jos\u00e9 Alves da Silva,<\/li>\n<li>Membros do Conselho Fiscal: Roberley Ant\u00f4nio Godoi, Sueli Carvalho Guimar\u00e3es e Carlos Henrique Ferreira.<\/li>\n<\/ul>\n<p style=\"text-align: justify;\">De maneira consistente e sendo acolhidos pela maioria dos servidores p\u00fablicos, estes passaram a ter definitivamente uma representa\u00e7\u00e3o pr\u00f3pria.<br \/>\nO processo de registro do novo estatuto ou ato constitutivo procedeu-se dentro dos preceitos legais e, portanto considerou-se fundada a entidade sindical representativa dos servidores p\u00fablicos municipais de Mogi Mirim.<br \/>\nA partir do registro, come\u00e7ou um trabalho para constru\u00e7\u00e3o de nossa sede definitiva em terreno doado pela prefeitura municipal, atrav\u00e9s do chefe do executivo, Romeu Antonio Bordignon, reassumindo os ideais de seus fundadores de organizar uma grande entidade representativa.<br \/>\nOrganiza\u00e7\u00e3o de infra-estrutura, fortalecimento do movimento de sindicaliza\u00e7\u00e3o, amplia\u00e7\u00e3o da discuss\u00e3o de diversos aspectos da vida sindical entre os associados e a categoria, desenvolvimento de a\u00e7\u00f5es para a unifica\u00e7\u00e3o da categoria, cria\u00e7\u00e3o de mecanismos de participa\u00e7\u00e3o dos associados e dos servidores, s\u00e3o pontos fundamentais para o crescimento da entidade.<br \/>\nNestes prop\u00f3sitos centram-se as energias e disposi\u00e7\u00e3o de trabalho da atual Diretoria que, trazendo consigo o compromisso de eternos trabalhadores que um dia sonharam em solidificar a nossa categoria perante a sociedade mogimiriana.<br \/>\nConclamamos a uni\u00e3o de todos em prol da CONSTRU\u00c7\u00c3O DE NOSSO BEM ESTAR, ATRAV\u00c9S DO CRESCIMENTO PROFISSIONAL E HUMANO!<\/p>\n<p style=\"text-align: justify;\"><strong>&#8220;Texto extra\u00eddo do trabalho de Gradua\u00e7\u00e3o em Administra\u00e7\u00e3o de Vanessa Bueno da Silva Franco pela IESF &#8211; Institui\u00e7\u00e3o de Ensino S\u00e3o Francisco.&#8221;<\/strong><\/p>\n","protected":false},"excerpt":{"rendered":"<div class=\"mh-excerpt\"><p>Aos 04 dias do m\u00eas de Outubro de 1985 \u00e0s 17:30 horas, conforme livro Ata da 1\u00ba Reuni\u00e3o da Diretoria. Reuniram-se um grupo de funcion\u00e1rios com o objetivo de criar <a class=\"mh-excerpt-more\" href=\"https:\/\/sinsep.com.br\/?page_id=87\" title=\"Nossa Hist\u00f3ria\">[Leia mais]<\/a><\/p>\n<\/div>","protected":false},"author":1,"featured_media":0,"parent":0,"menu_order":0,"comment_status":"closed","ping_status":"closed","template":"","meta":{"footnotes":""},"class_list":["post-87","page","type-page","status-publish","hentry"],"_links":{"self":[{"href":"https:\/\/sinsep.com.br\/index.php?rest_route=\/wp\/v2\/pages\/87","targetHints":{"allow":["GET"]}}],"collection":[{"href":"https:\/\/sinsep.com.br\/index.php?rest_route=\/wp\/v2\/pages"}],"about":[{"href":"https:\/\/sinsep.com.br\/index.php?rest_route=\/wp\/v2\/types\/page"}],"author":[{"embeddable":true,"href":"https:\/\/sinsep.com.br\/index.php?rest_route=\/wp\/v2\/users\/1"}],"replies":[{"embeddable":true,"href":"https:\/\/sinsep.com.br\/index.php?rest_route=%2Fwp%2Fv2%2Fcomments&post=87"}],"version-history":[{"count":1,"href":"https:\/\/sinsep.com.br\/index.php?rest_route=\/wp\/v2\/pages\/87\/revisions"}],"predecessor-version":[{"id":89,"href":"https:\/\/sinsep.com.br\/index.php?rest_route=\/wp\/v2\/pages\/87\/revisions\/89"}],"wp:attachment":[{"href":"https:\/\/sinsep.com.br\/index.php?rest_route=%2Fwp%2Fv2%2Fmedia&parent=87"}],"curies":[{"name":"wp","href":"https:\/\/api.w.org\/{rel}","templated":true}]}}

Nossa História

<p style="text-align: justify;">Aos 04 dias do mês de Outubro de 1985 às 17:30 horas, conforme livro Ata da 1º Reunião da Diretoria. Reuniram-se um grupo de funcionários com o objetivo de criar a Associação dos Servidores Municipais de Mogi Mirim (ASSOSSEM).<br />
A servidora Vilma da Silva Costa Lima sugeriu que o grupo se organizasse ali mesmo e através de um documento, fosse comunicado ao Sr. Prefeito Luiz de Amoedo Campos Neto a fundação da Entidade. A servidora Lucia Helena Salvato sugeriu então que se denominasse a 1º Diretoria Provisória da Associação dos Servidores Municipais de Mogi Mirim, com o objetivo de organizar, registrar e documentar a Associação, bem como elaborar seus Estatutos e após publicados, convocar a Assembléia Geral para eleição da Diretoria. A proposta foi aceita por todos.<br />
O Prefeito aprovou  e achou a idéia ótima e  naquele momento histórico, ficou assim constituída a 1º Diretoria Provisória da Associação dos Servidores Municipais de Mogi Mirim (ASSOSSEM), com os seguintes cargos:</p>
<ul style="text-align: justify;">
<li>Presidente – Lúcia Helena Salvato,</li>
<li>Vice – Vilma da Silva Costa Lima,</li>
<li>1º Secretaria – Iracema de Jesus Guidini,</li>
<li>1º Secretario – Fernando César Gasparini,</li>
<li>2º Secretaria – Glorete Alves da Silva,</li>
<li>1º Tesoureiro – Marco Antonio Peres do Amaral,</li>
<li>2º Tesoureiro – Luiz Francisco Brandão Bueno;</li>
<li>Conselho Fiscal: José Antonio Bazan, Maria Rita Pereira da Cruz e Valter José Polettini;</li>
<li>Suplentes: Antonio Alcides Filomeno, Ângelo Barbarini e Onália Maria dos Reis Tinini.</li>
</ul>
<p style="text-align: justify;">Em primeiro instante os membros da Associação conseguiram uma sala na Rua Paissandu n. 418 Centro para instalação provisória da Associação. Com o tempo e falta de espaço a Associação mudou- se para Rua 13 de Maio n. 59 Fundos Centro.<br />
A Diretoria tinha como objetivo, requerer o bem estar dos servidores e reivindicar melhorias para os mesmos. Começou então os convênios com Supermercados e Farmácias, além de oferecer aos seus associados, auxílio Médico, odontológico e outros, firmando contratos com profissionais dessas áreas.<br />
A Associação criada agregava em seu quadro associativo os servidores da Prefeitura Municipal de Mogi Mirim, da Câmara Municipal e da Autarquia SAAE – Serviço de Água e Esgoto.<br />
Conduzidos por grupamentos ideológicos muito bem definidos, traziam os abnegados servidores, projetos claros no sentido de promover a transformação da Associação em Entidade Sindical, isso ocorreu em 25 de Novembro de 1.992, ficando assim os seguintes membros da 1ª Diretoria como Sindicato: Presidente – Antônio Maciel de Oliveira,</p>
<ul style="text-align: justify;">
<li>1º Tesoureiro &#8211; José Antônio de Moraes,</li>
<li>2º Tesoureiro &#8211;  Rodnei José Gonçalves Miachon,</li>
<li>1ª Secretaria  &#8211; Fátima Aparecida G. Rotolli,</li>
<li>2º Secretario &#8211;  José Carlos Garcia e Secretaria Geral &#8211;  Lúcia Helena Salvato ,</li>
<li>Membros do Conselho Administrativo: Francisco Antônio Coser, Raquel C. Rodrigues, Arlete Bentamaro, Márcia Regina Bueno, Carlos Alberto Wasick, Isabel C. da Costa, Gilma Machado da Silva e José Alves da Silva,</li>
<li>Membros do Conselho Fiscal: Roberley Antônio Godoi, Sueli Carvalho Guimarães e Carlos Henrique Ferreira.</li>
</ul>
<p style="text-align: justify;">De maneira consistente e sendo acolhidos pela maioria dos servidores públicos, estes passaram a ter definitivamente uma representação própria.<br />
O processo de registro do novo estatuto ou ato constitutivo procedeu-se dentro dos preceitos legais e, portanto considerou-se fundada a entidade sindical representativa dos servidores públicos municipais de Mogi Mirim.<br />
A partir do registro, começou um trabalho para construção de nossa sede definitiva em terreno doado pela prefeitura municipal, através do chefe do executivo, Romeu Antonio Bordignon, reassumindo os ideais de seus fundadores de organizar uma grande entidade representativa.<br />
Organização de infra-estrutura, fortalecimento do movimento de sindicalização, ampliação da discussão de diversos aspectos da vida sindical entre os associados e a categoria, desenvolvimento de ações para a unificação da categoria, criação de mecanismos de participação dos associados e dos servidores, são pontos fundamentais para o crescimento da entidade.<br />
Nestes propósitos centram-se as energias e disposição de trabalho da atual Diretoria que, trazendo consigo o compromisso de eternos trabalhadores que um dia sonharam em solidificar a nossa categoria perante a sociedade mogimiriana.<br />
Conclamamos a união de todos em prol da CONSTRUÇÃO DE NOSSO BEM ESTAR, ATRAVÉS DO CRESCIMENTO PROFISSIONAL E HUMANO!</p>
<p style="text-align: justify;"><strong>&#8220;Texto extraído do trabalho de Graduação em Administração de Vanessa Bueno da Silva Franco pela IESF &#8211; Instituição de Ensino São Francisco.&#8221;</strong></p>

<div class="mh-excerpt"><p>Aos 04 dias do mês de Outubro de 1985 às 17:30 horas, conforme livro Ata da 1º Reunião da Diretoria. Reuniram-se um grupo de funcionários com o objetivo de criar <a class="mh-excerpt-more" href="https://sinsep.com.br/?page_id=87" title="Nossa História">[Leia mais]</a></p>
</div>
